t c(y) = 2*y**2 + 10*y - 10. Let q be c(1). Suppose q*h = -7*h - 27. Let t(w) = -3*w - 3. Give t(h).
6
Suppose 1292 = -159*o + 338. Let s(v) = v**3 + 7*v**2 + 6*v + 8. What is s(o)?
8
Let h(q) = -q**3 + 3*q**2 + 10*q - 9. Suppose 0 = -y - 4, 5*w - 7*y + 3*y = 46. Determine h(w).
-57
Let m(h) = -19*h - 20 - 164*h**2 + 231*h**2 - 68*h**2. Determine m(-19).
-20
Let w(g) = g**3 - 13*g**2 + 25*g - 20. Suppose 5*l = 4*c - 39, c - 53 = -4*c + 2*l. What is w(c)?
13
Suppose -6 = -23*i + 25*i, 2*i = 4*u + 22. Let k be (0 - 3)/(3/(-2)). Let d(j) = 37*j - 4. Let t(o) = 12*o - 1. Let s(n) = k*d(n) + u*t(n). Give s(-1).
9
Let t(r) = 1. Let b(d) = -2*d - 10. Let u(w) = b(w) - t(w). Suppose -4*k + 11*k = -35. Determine u(k).
-1
Let j(a) = a + 8. Let u = 17 + -23. Let z be j(u). Let x(b) be the second derivative of b**4/12 + b**3/6 - b**2 + 175*b. What is x(z)?
4
Let s(w) = 1 - 5 - w - 6. Suppose -37*f - 318 = -2*r, -19*f + 23*f = 2*r - 54. Give s(f).
-2
Let z(j) = j**3 + 8*j**2 - 5*j. Let g be z(-7). Let b(k) = -172*k**2 + 87*k**2 - 6*k - 1 + 5 + g*k**2. Give b(-5).
9
Let y(m) = m**3 + 2*m**2 - 5*m - 2. Let r be y(-3). Let b(p) = -4 + 3*p**2 - 6*p**2 + 9*p + r*p**2. Let h be ((-1300)/(-40) - 30)*-2. Determine b(h).
-24
Let f(x) = 3*x**2 + 39*x - 10. Let m(p) = -5*p**2 - 59*p + 10. Let i(w) = 8*f(w) + 5*m(w). Calculate i(18).
-48
Let b(s) be the third derivative of s**6/36 + 37*s**3/3 - s**2 + 31. Let i(o) be the first derivative of b(o). Give i(1).
10
Let s(r) be the third derivative of r**7/840 - 7*r**6/360 + 7*r**5/120 + r**4/12 - 11*r**3/6 + 20*r**2 + 2. Let u(j) be the first derivative of s(j). Give u(6).
8
Let b(m) = -2*m**3 + 4*m**2 - m + 5. Suppose -248*l + 254*l = 18. What is b(l)?
-16
Let t(d) = 115*d - 212. Let g(z) = 1055*z - 1910. Let v(o) = 6*g(o) - 55*t(o). Calculate v(-37).
15
Let i(a) = a**3 + 7*a**2 - a + 9. Let f be 10*1*24/3. Let b = 74 + -1. Let t = b - f. What is i(t)?
16
Let w(r) = -r**2 + 14*r + 72. Let h = 8237 + -8220. What is w(h)?
21
Let t(x) = -x**3 - 7*x**2 - 6*x + 4. Let o(k) = -6*k - 159. Let c be o(-18). Let d(r) = r**3 - 8*r**2 + 6*r - 9. Let g be d(6). Let l = c - g. Determine t(l).
4
Let r(a) = a**3 + 7*a**2 + 2*a + 2. Let x be 0 - (-3 + (-80)/(-30))/(2/(-42)). Calculate r(x).
-12
Let o(u) = u + 4. Let j be o(-2). Suppose 0 = -5*p + 3*d + 17 + 23, j*p - 5*d - 16 = 0. Let s(f) = 9*f + 7*f**2 + 2*f**3 + 4 + 0*f**3 - 3*f**3. Calculate s(p).
12
Let s be (3/6)/((-4)/(-16)). Let p(w) = -6*w**s + 8 + 3*w**2 + 4*w**2 - w**3 - 3*w + 5*w**2. Give p(6).
-10
Let w(v) = v**2 - 17*v + 2. Let i = 906 + -892. What is w(i)?
-40
Let n(v) = v**2 + 4*v - 7. Let y = 27 + -61. Let b = y + -10. Let c = b - -38. Determine n(c).
5
Let x = 307 - 298. Let b(d) = 88*d - 45*d + x*d**2 + 6 - 32*d + d**3. Suppose 5*k - 4*c + 36 = 0, -k - 20 = 2*k - 4*c. Give b(k).
-18
Let y(o) = -2*o - 145. Let x(i) = i + 46. Let b(g) = 7*x(g) + 2*y(g). Calculate b(-12).
-4
Let k = -3486 + 3492. Let l(h) = -h**2 + 10*h. Determine l(k).
24
Suppose 3*o - 11*o + 64 = 0. Suppose -4*a + 28 - o = 0. Let y(u) = -u + 6*u**2 - 8*u - u**3 - 3*u + 8*u. Calculate y(a).
5
Let a(z) be the first derivative of z**2 + 55*z + 5419. Determine a(-30).
-5
Let f(j) be the second derivative of -j**4/12 + j**3/6 - 9*j**2 + 37*j. Let t(v) be the first derivative of f(v). Calculate t(3).
-5
Let i(s) = -392 + 271 + 134 - 7*s. Determine i(3).
-8
Let c(m) = -2*m**3 - 16*m**2 - 34*m. Let w(x) = -2*x**3 - 16*x**2 - 40*x. Let l(a) = 6*c(a) - 5*w(a). What is l(-8)?
32
Let o(y) = -y**3 - 4*y**2 + y + 3. Let k = 68 - 51. Suppose k*b + 32 = 21*b. Suppose 5*m = -2*z - b, -6*m + m = 4*z + 16. What is o(z)?
-1
Let p(y) = -3*y**2 + 113 - 1211*y + 5*y**3 + 1195*y - 6*y**3 - 20*y**2. Give p(-22).
-19
Let s(l) = 40*l**2 + 7*l + 22. Let y(d) = 226*d**2 + 41*d + 132. Let r(b) = 17*s(b) - 3*y(b). Calculate r(9).
104
Let h(a) = -a**2 + 20*a - 44. Let b = 5493 + -5475. What is h(b)?
-8
Let t = 476 + -456. Let f(q) = q**2 - 10*q - 211. Give f(t).
-11
Let c be (-1 - (-732)/18)/((-2)/(-12)). Let q be (-1 - c/(-22)) + 4/22. Suppose 9*r = q*r - 7. Let h(b) = b - 8. What is h(r)?
-1
Let u(y) = -y - 1. Let w(n) = 3*n - 3. Let m(a) = 5*u(a) + w(a). Let g = -1 - -1. Let z = g - 7. Give m(z).
6
Let d(b) = 3 - 24*b**2 - 20*b**2 - 13 - 23*b**2 + 68*b**2 + 22*b. Determine d(-22).
-10
Let u be (4/(-8))/((-1)/10). Suppose 3*g = -2*v - 9, 29 = -u*v + 2*g - 3. Let t(s) = -s**3 - 7*s**2 - 6*s + 2. What is t(v)?
2
Let d(k) = 2*k**2 + 23*k + 18. Suppose 5*p = n - 4, -45 = 3*n - 27*p + 31*p. Determine d(n).
7
Let l(t) = -t**2 - 24*t + 19. Let x be ((-140)/42)/(8/60). Determine l(x).
-6
Let z(b) = -3*b**2 - 9*b + 5. Suppose 30 = -5*a - 2*d, -38*a + d = -41*a - 17. What is z(a)?
-7
Let j(t) = t**2 + 6*t - 8. Suppose -32 = -12*x + 28. Suppose -5*v - 50 = -5*s, -x*v + 2*v = s + 22. Give j(v).
8
Let m(q) be the first derivative of -q**2 + q - 257. Suppose 3*w - 4 - 9 = h, 5*h - 4*w + 10 = 0. Calculate m(h).
-3
Let c be 2*(1*-1 + 2). Let x(p) be the second derivative of p**3/2 - 3*p**2/2 + 65315*p. What is x(c)?
3
Let m(u) = -u**3 - 4*u**2 + 13*u + 14. Let c be m(-6). Let v = 11 - c. Suppose -a = -2, v*a - 6*a = 3*l - 3. Let q(s) = -4*s**3 + s**2 - s - 1. What is q(l)?
5
Let l = -15599 + 15618. Let d(p) = -p**3 + 19*p**2 + 3*p - 54. Calculate d(l).
3
Let z(k) be the first derivative of -11*k**2/2 + 386*k + 924. Calculate z(36).
-10
Let f(x) = -192*x**2 - 33*x**2 - 3 - x - 52 + 219*x**2 - x**3. Calculate f(-7).
1
Suppose 20842 - 20752 = -18*v. Let d(t) = -t + 2*t + 0*t + 8. Calculate d(v).
3
Let h = -52 + 36. Let z = 18 + h. Let c(a) = 12 + 0*a - a**2 - 14 - a. What is c(z)?
-8
Let q(s) = -7*s - 3. Let h be (188/(-16))/1*(3 - -1). Let c = h + 52. Let z(k) = 2*k - 13. Let i be z(c). Give q(i).
18
Let q(w) = -9*w - 6. Let o(l) = -4*l - 85. Let a be o(-32). Suppose -234 = -a*u - 19. Give q(u).
-51
Let v = -20827 + 20831. Let c(x) = -x**3 + 3*x**2 + 16*x - 52. Give c(v).
-4
Let x(n) be the first derivative of -n**2 - 7*n - 102. Suppose -3*o + h - 20 = 0, 2 + 3 = -3*o - 2*h. Give x(o).
3
Let x(o) = 13*o - 76. Suppose 1 - 16 = f - 4*j, 4*f = -5*j + 45. Determine x(f).
-11
Suppose -411 - 281 = 29*q - 257. Let l(z) = -z - 6. What is l(q)?
9
Let g = -11568 + 11566. Let s(u) = u**3 + 3*u**2 + u + 2. Give s(g).
4
Let l(j) = 90 + 3*j + 93 - 10*j - 207. Calculate l(-3).
-3
Let i(l) be the second derivative of -l**3/3 - 167*l. Suppose 4*v = 4*k - 6 - 2, 9 = -4*v + 5*k. Give i(v).
2
Let t(k) be the third derivative of 0 + 0*k + 7/24*k**4 + 36*k**2 - 1/3*k**3 - 1/60*k**5. Suppose 0 = a - 0*a - 6. Give t(a).
4
Let r(k) = k**2 + 3*k - 40. Suppose 264*h + 20 = w + 262*h, -3*w + 5*h + 53 = 0. Give r(w).
14
Let a(c) = 12*c. Let d = 62 + -66. Let t be -4*((-13)/2 + 3) - d. Let z be (-330)/270 + 4/t. Calculate a(z).
-12
Let j(w) = w**2 - 12*w + 4. Suppose 0*i - r - 66 = -5*i, -5*r + 6 = -i. Let m be (-171)/399 + 146/i + 1. Determine j(m).
-7
Let l(n) = n**3 + 0 + 7*n - 3 - 15 + 19 - 11*n**2. What is l(10)?
-29
Let q(o) = -2*o**3 + 7*o**2 - 3*o + 25. Suppose 68*g = 1101 - 761. Give q(g).
-65
Suppose -6 = 10*k - 7*k. Let f(g) = 0 - g - 8 + 13 - g**2. Let m(s) = -4*s**2 - 4*s + 24. Let y(j) = -14*f(j) + 3*m(j). What is y(k)?
6
Let m(j) = 15*j + 55. Let o(y) = -13. Let b(d) = m(d) + 5*o(d). Calculate b(-3).
-55
Let v(d) = -40*d**2 - 32*d**2 - 40*d**2 - 30*d**2 + 28 + 141*d**2. Give v(5).
3
Let l(j) = -j**3 - 14*j**2 + 15*j - 4. Let x = 2717 - 2732. Calculate l(x).
-4
Let w(q) = 12917 + 12944 - 6*q + 12914 - 38744. Give w(14).
-53
Let t be (24/48)/((-1)/(-6)). Suppose -u + 101 = -3*x, 5*x - t*u - 2*u = -175. Let b = 37 + x. Let m(k) = k**3 - 3*k**2 - 4*k + 6. What is m(b)?
6
Let p(x) = 2*x - 27. Let i = -3531 - -3555. Determine p(i).
21
Suppose 100*i + 10 = 95*i. Let n(h) = 5*h**2 - 7*h - 7. What is n(i)?
27
Let r = 13 - -2. Suppose 3*s = 6 + r. Let h(o) = -s*o - 8*o + 18*o - 3. What is h(5)?
12
Suppose 4*y + 5*c - 14 = 0, -63 = -y + 3*c - 68. Let t be 2/(-1*4)*-8. Let j(m) = t*m**3 - 4*m**2 + m + 3*m**2 + 6*m**3. Give j(y).
10
Let p(z) be the first derivative of 4*z**2 + 18*z - 131. Give p(-7).
-38
Let o be (4 + -57*5/90)/((-9)/(-216)). Let n(m) = m**3 - 21*m**2 + 28*m - 151. Calculate n(o).
9
Suppose -u - 3 = 0, 11*g + 5*u = 14*g - 87. Let r be 96/g*(-18)/8. Let p(o)